?
False
Is 75 a factor of 4360?
False
Is 8111 a multiple of 24?
False
Is 7629 a multiple of 53?
False
Is 10 a factor of 5190?
True
Is 8 a factor of 73?
False
Is 15 a factor of 8850?
True
Does 6 divide 1158?
True
Is 44 a factor of 7084?
True
Does 33 divide 71660?
False
Does 10 divide 430?
True
Is 92220 a multiple of 13?
False
Is 408 a multiple of 24?
True
Is 1712 a multiple of 107?
True
Is 23 a factor of 1426?
True
Is 868 a multiple of 7?
True
Is 16 a factor of 16176?
True
Is 7 a factor of 2240?
True
Does 40 divide 560?
True
Does 11 divide 5049?
True
Is 695 a multiple of 42?
False
Is 83 a factor of 3818?
True
Is 2004 a multiple of 12?
True
Does 66 divide 1452?
True
Does 13 divide 1027?
True
Is 22 a factor of 47674?
True
Does 60 divide 3223?
False
Is 3172 a multiple of 11?
False
Does 15 divide 3571?
False
Is 55 a factor of 1375?
True
Is 27 a factor of 102401?
False
Is 1760 a multiple of 60?
False
Does 28 divide 14762?
False
Does 64 divide 35200?
True
Is 4 a factor of 2903?
False
Is 130300 a multiple of 34?
False
Is 8 a factor of 5760?
True
Is 26 a factor of 4562?
False
Is 824 a multiple of 23?
False
Is 120 a multiple of 20?
True
Does 180 divide 19620?
True
Is 19 a factor of 66291?
True
Is 5 a factor of 5387?
False
Is 3 a factor of 569?
False
Is 170 a factor of 3230?
True
Does 10 divide 7770?
True
Is 10761 even?
False
Does 26 divide 884?
True
Is 1450 a multiple of 39?
False
Is 123915 a multiple of 165?
True
Does 63 divide 5007?
False
Does 34 divide 1754?
False
Does 89 divide 7000?
False
Is 75 a factor of 58634?
False
Is 4 a factor of 80?
True
Is 8508 a multiple of 150?
False
Is 61 a factor of 1330?
False
Does 11 divide 27291?
True
Is 9 a factor of 287?
False
Is 2 a factor of 117?
False
Does 12 divide 1118?
False
Is 5 a factor of 350?
True
Does 16 divide 4192?
True
Is 22 a factor of 755?
False
Does 4 divide 5536?
True
Is 6075 a multiple of 15?
True
Is 33 a factor of 571?
False
Does 4 divide 2356?
True
Is 8 a factor of 756?
False
Does 4 divide 575?
False
Does 56 divide 432?
False
Is 200 a multiple of 8?
True
Does 12 divide 1272?
True
Is 4732 a multiple of 7?
True
Is 6946 a multiple of 5?
False
Is 6 a factor of 50?
False
Is 14292 a multiple of 178?
False
Is 56735 a multiple of 151?
False
Does 11 divide 54?
False
Is 22 a factor of 44?
True
Is 12 a factor of 6060?
True
Does 101 divide 13635?
True
Does 29 divide 7725?
False
Does 46 divide 18768?
True
Does 7 divide 445?
False
Is 7995 a multiple of 88?
False
Is 204 a multiple of 11?
False
Is 18 a factor of 193?
False
Is 2217 a multiple of 56?
False
Is 10 a factor of 260?
True
Does 19 divide 11780?
True
Is 2097 a multiple of 20?
False
Is 458 a multiple of 12?
False
Does 7 divide 1708?
True
Is 18 a factor of 1219?
False
Is 24 a factor of 1248?
True
Is 8 a factor of 208?
True
Is 15019 a multiple of 53?
False
Does 18 divide 8611?
False
Is 22 a factor of 13948?
True
Is 350 a multiple of 7?
True
Does 15 divide 3615?
True
Is 96 a factor of 3360?
True
Is 11 a multiple of 11?
True
Is 120 a multiple of 15?
True
Does 17 divide 1666?
True
Is 1464 a multiple of 43?
False
Is 8 a factor of 256?
True
Is 12999 a multiple of 68?
False
Is 24 a factor of 2184?
True
Is 4 a factor of 608?
True
Is 23 a factor of 207?
True
Is 673 a multiple of 7?
False
Is 27 a factor of 918?
True
Does 149 divide 2549?
False
Is 4191 a multiple of 33?
True
Is 11 a factor of 1166?
True
Is 1430 a multiple of 13?
True
Is 64355 a multiple of 305?
True
Is 4 a factor of 32?
True
Does 312 divide 35102?
False
Is 6 a factor of 58756?
False
Does 11 divide 748?
True
Is 2 a factor of 758?
True
Is 46051 a multiple of 105?
False
Is 8196 a multiple of 54?
False
Is 39 a factor of 117?
True
Is 1274 a multiple of 96?
False
Is 55 a factor of 1650?
True
Is 261 a multiple of 24?
False
Is 317 a factor of 76714?
True
Is 24715 a multiple of 18?
False
Does 53 divide 1908?
True
Does 49 divide 3646?
False
Is 2233 even?
False
Is 3411 a multiple of 10?
False
Is 26 a factor of 286?
True
Does 14 divide 388?
False
Is 6016 a multiple of 6?
False
Is 14 a multiple of 7?
True
Does 13 divide 435?
False
Is 930 a multiple of 7?
False
Is 17 a factor of 12529?
True
Does 53 divide 42930?
True
Does 109 divide 21364?
True
Does 143 divide 11297?
True
Does 56 divide 5936?
True
Is 42 a factor of 1554?
True
Is 5456 a multiple of 124?
True
Is 45069 a multiple of 15?
False
Does 51 divide 2603?
False
Is 1464 a multiple of 6?
True
Does 13 divide 4240?
False
Is 2 a factor of 156?
True
Is 181 a multiple of 2?
False
Is 5907 a multiple of 11?
True
Is 4047 a multiple of 38?
False
Is 600 a multiple of 24?
True
Is 55 a factor of 605?
True
Does 10 divide 24990?
True
Is 3499 a multiple of 20?
False
Does 71 divide 492?
False
Does 62 divide 9524?
False
Does 20 divide 340?
True
Is 7 a factor of 217?
True
Does 128 divide 67328?
True
Is 8 a factor of 5056?
True
Is 8 a factor of 8108?
False
Is 6 a factor of 18868?
False
Is 2079 a multiple of 77?
True
Is 312 a multiple of 6?
True
Does 19 divide 4731?
True
Does 23 divide 20007?
False
Is 39 a factor of 899?
False
Does 9 divide 828?
True
Is 949 a multiple of 13?
True
Is 6944 a multiple of 8?
True
Is 82 a factor of 2378?
True
Does 7 divide 962?
False
Does 52 divide 1730?
False
Is 1613 a multiple of 46?
False
Does 42 divide 420?
True
Does 56 divide 8512?
True
Is 568 a multiple of 8?
True
Is 20 a factor of 4140?
True
Is 161 a factor of 29141?
True
Is 14 a factor of 1385?
False
Is 2 a factor of 233?
False
Is 1526 a multiple of 16?
False
Does 68 divide 5801?
False
Is 1464 a multiple of 8?
True
Is 14568 a multiple of 8?
True
Is 102 a multiple of 17?
True
Does 99 divide 1386?
True
Is 34 a factor of 14280?
True
Does 47 divide 94?
True
Is 24490 a multiple of 62?
True
Is 77574 a multiple of 6?
True
Does 254 divide 39808?
False
Is 100 a factor of 15500?
True
Does 5 divide 3425?
True
Is 1336 a multiple of 8?
True
Is 8 a factor of 2381?
False
Is 638 a multiple of 67?
False
Does 19 divide 13375?
False
Is 885 a multiple of 5?
True
Is 3584 a multiple of 56?
True
Is 10 a factor of 80?
True
Is 19 a factor of 447?
False
Is 792 a multiple of 24?
True
Is 26 a factor of 5252?
True
Is 231 a multiple of 33?
True
Does 92 divide 723?
False
Is 1461 a multiple of 11?
False
Is 4 a factor of 52?
True
Is 44 a factor of 528?
True
Is 195 a multiple of 5?
True
Is 44 a factor of 1404?
False
Is 22532 a multiple of 172?
True
Is 9995 a multiple of 35?
False
Is 10390 a multiple of 32?
False
Is 8 a factor of 104808?
True
Does 170 divide 18870?
True
Is 90 a multiple of 6?
True
Is 14 a factor of 25536?
True
Is 55 a factor of 1375?
True
Does 14 divide 7938?
True
Is 263 a factor of 28404?
True
Does 23 divide 47088?
False
Is 3 a factor of 217?
False
Is 5 a factor of 220?
True
Does 12 divide 6381?
False
Is 22 a factor of 50028?
True
Does 12 divide 26347?
False
Is 1184 a multiple of 78?
False
Is 34 a factor of 1167?
False
Is 81 a factor of 4293?
True
Is 9 a factor of 2223?
True
Does 25 divide 742?
False
Is 2175 a multiple of 75?
True
Is 25636 a multiple of 17?
True
Is 36 a factor of 2543?
False
Is 7 a factor of 1106?
True
Is 10 a factor of 7112?
False
Is 70 a factor of 8071?
False
Is 882 a multiple of 21?
True
Does 20 divide 1160?
True
Is 5 a factor of 110?
True
Is 53652 a multiple of 12?
True
Is 222 a factor of 78995?
False
Is 61889 a multiple of 77?
False
Is 39088 a multiple of 28?
True
Is 61832 a multiple of 262?
True
Is 692 a multiple of 2?
True
Is 528 a multiple of 8?
True
Is 1196 a multiple of 3?
False
Is 56 a factor of 14840?
True
Is 6506 a multiple of 96?
False
Is 483 a multiple of 7?
True
Is 12568 a multiple of 65?
False
Does 72 divide 20546?
False
Does 8 divide 666?
False
Does 8 divide 983?
False
Is 69 a multiple of 2?
False
Is 85 a multiple of 5?
True
Is 27 a multiple of 11?
False
Does 72 divide 864?
True
Is 279 a multiple of 9?
True
Does 79 divide 158?
True
Is 18 a factor of 27934?
False
Is 28216 a multiple of 114?
False
Is 1260 a multiple of 84?
True
Is 20 a factor of 2288?
False
Does 30 divide 22424?
False
Is 69 a factor of 18837?
True
Does 45 divide 556?
False
Is 2340 a multiple of 20?
True
Does 9 divide 3978?
True
Is 2 a factor of 51?
False
Is 12328 a multiple of 8?
True
Does 64 divide 7148?
False
Is 3570 a multiple of 70?
True
Does 20 divide 75?
False
Does 5 divide 6104?
False
Does 41 divid